he greatest common divisor of 2133 and 49533?
237
Calculate the highest common divisor of 126 and 28.
14
Calculate the highest common factor of 287968 and 64.
32
What is the highest common factor of 435 and 49503?
87
What is the highest common divisor of 20554 and 2390?
478
What is the greatest common divisor of 220 and 855272?
44
What is the highest common factor of 578 and 37349?
17
What is the highest common divisor of 384 and 673152?
384
What is the highest common factor of 1940400 and 660?
660
What is the highest common divisor of 7319 and 1885?
13
Calculate the greatest common divisor of 877 and 151.
1
Calculate the greatest common factor of 11713 and 27030.
901
What is the greatest common divisor of 250908 and 174?
174
What is the highest common factor of 137775 and 12859?
1837
What is the highest common divisor of 703 and 34979?
19
What is the greatest common factor of 4 and 17588?
4
Calculate the highest common factor of 77 and 51018.
11
Calculate the greatest common divisor of 162600 and 360.
120
Calculate the greatest common factor of 126 and 2673741.
21
Calculate the greatest common divisor of 7446502 and 28.
14
What is the greatest common factor of 177472 and 472?
472
Calculate the greatest common factor of 56 and 8264.
8
What is the highest common divisor of 282 and 798906?
282
What is the greatest common factor of 79 and 136117?
79
What is the highest common divisor of 2700 and 243?
27
Calculate the greatest common divisor of 4535 and 310.
5
Calculate the highest common divisor of 54933 and 6.
3
What is the greatest common factor of 648 and 60102?
162
Calculate the greatest common divisor of 25043 and 63358.
79
What is the greatest common divisor of 133280 and 22736?
784
What is the greatest common divisor of 1764 and 2988?
36
Calculate the greatest common factor of 18 and 1970577.
9
What is the highest common divisor of 54855 and 12985?
265
Calculate the highest common divisor of 1152478 and 307.
307
Calculate the greatest common divisor of 22 and 985094.
22
Calculate the greatest common factor of 1017 and 442395.
1017
Calculate the highest common divisor of 1856 and 260304.
464
What is the greatest common divisor of 63 and 6489?
63
What is the greatest common factor of 833721 and 111?
111
What is the highest common factor of 303 and 162004?
101
Calculate the highest common divisor of 367832 and 8.
8
Calculate the greatest common factor of 45535 and 140.
35
Calculate the highest common divisor of 84419 and 142.
71
Calculate the highest common divisor of 5187 and 26.
13
What is the greatest common factor of 580867 and 119?
7
Calculate the highest common divisor of 16704 and 174.
174
What is the highest common divisor of 279 and 13473?
9
Calculate the highest common divisor of 407 and 484.
11
What is the highest common divisor of 15442 and 7301?
7
Calculate the greatest common factor of 1512 and 16614.
18
Calculate the highest common divisor of 3192 and 5225.
19
What is the highest common divisor of 17290 and 3173?
19
What is the highest common factor of 22 and 3299846?
22
Calculate the highest common divisor of 365280 and 1920.
480
Calculate the highest common divisor of 224 and 10050208.
224
What is the highest common divisor of 3108 and 612?
12
What is the highest common divisor of 1365 and 8610?
105
What is the highest common factor of 10735 and 113?
113
Calculate the greatest common factor of 481 and 128479.
13
Calculate the greatest common factor of 1075720 and 40.
40
What is the highest common divisor of 49634 and 16?
2
Calculate the greatest common divisor of 3905 and 123185.
355
What is the greatest common divisor of 60275 and 225?
25
Calculate the highest common factor of 25 and 256450.
25
What is the highest common factor of 42194 and 9826?
578
What is the highest common divisor of 1284 and 8?
4
Calculate the greatest common factor of 109956 and 3740.
748
What is the highest common factor of 153 and 12294?
9
What is the highest common factor of 1107 and 24231?
123
Calculate the greatest common divisor of 549419 and 507.
169
What is the highest common divisor of 2231 and 2093?
23
Calculate the highest common factor of 7700 and 455.
35
What is the highest common factor of 56948 and 92?
92
What is the greatest common factor of 288 and 29472?
96
Calculate the highest common divisor of 15 and 17590.
5
Calculate the greatest common factor of 1384 and 4644012.
692
What is the highest common factor of 2784 and 3045?
87
What is the greatest common divisor of 604694 and 38?
38
What is the greatest common divisor of 224 and 6076?
28
What is the highest common factor of 178872 and 522?
174
Calculate the greatest common factor of 90077 and 26.
13
What is the greatest common factor of 162 and 225099?
81
What is the highest common divisor of 24827 and 37851?
407
What is the highest common divisor of 1044 and 4014?
18
What is the highest common divisor of 164934 and 17?
17
Calculate the greatest common factor of 10475 and 575.
25
Calculate the highest common divisor of 15 and 46085.
5
What is the greatest common factor of 1068 and 106088?
356
Calculate the highest common divisor of 106512 and 336.
336
Calculate the highest common divisor of 40 and 8012.
4
Calculate the highest common divisor of 10605 and 2317950.
1515
What is the greatest common factor of 256788 and 1008?
252
Calculate the greatest common factor of 6852 and 336.
12
Calculate the highest common divisor of 738 and 38070.
18
What is the highest common divisor of 126 and 932106?
42
Calculate the highest common divisor of 1990 and 438795.
995
What is the highest common factor of 20 and 19915?
5
Calculate the highest common factor of 68 and 59692.
4
Calculate the greatest common factor of 7 and 426811.
7
Calculate the highest common divisor of 5418 and 24983.
301
Calculate the greatest common factor of 596 and 2626423.
149
What is the highest common divisor of 1518 and 858?
66
What is the highest common divisor of 7099 and 45800?
229
Calculate the greatest common factor of 136 and 58568.
8
Calculate the greatest common divisor of 86099 and 65.
13
What is the greatest common factor of 4234 and 10074?
146
Calculate the highest common factor of 1050 and 252.
42
Calculate the greatest common divisor of 1056 and 29832.
264
Calculate the highest common divisor of 358 and 1821683.
179
Calculate the highest common factor of 3080 and 328735.
55
Calculate the greatest common factor of 59045 and 10535.
245
What is the greatest common divisor of 1368 and 89832?
456
Calculate the greatest common divisor of 1947 and 5577.
33
What is the greatest common divisor of 3690 and 2250?
90
What is the highest common divisor of 3337 and 22628197?
3337
What is the greatest common factor of 8 and 41708?
4
Calculate the greatest common divisor of 21 and 17332.
7
Calculate the highest common factor of 16023 and 178869.
327
What is the highest common factor of 416 and 111520?
32
Calculate the greatest common divisor of 49395 and 4440.
555
Calculate the greatest common divisor of 97 and 330479.
97
What is the greatest common divisor of 160 and 19088?
16
Calculate the highest common factor of 1252 and 328963.
313
What is the highest common divisor of 2661063 and 498?
249
What is the greatest common factor of 3090980 and 1110?
370
What is the highest common factor of 113146 and 185?
37
Calculate the highest common factor of 83030 and 10350.
230
Calculate the greatest common divisor of 55680 and 3915.
435
Calculate the highest common divisor of 1490 and 51107.
149
What is the highest common factor of 92470 and 30?
10
What is the greatest common factor of 563368 and 286?
26
What is the highest common factor of 1952 and 45506?
122
Calculate the greatest common factor of 600 and 10050.
150
What is the highest common factor of 6365 and 10385?
335
What is the greatest common factor of 199970 and 20?
10
What is the greatest common factor of 4012 and 20927?
17
Calculate the greatest common factor of 36 and 129912.
12
Calculate the greatest common factor of 1474344 and 360.
72
What is the greatest common divisor of 140126 and 70?
14
Calculate the greatest common divisor of 94 and 102789.
47
Calculate the greatest common factor of 2328 and 3201.
291
What is the greatest common divisor of 15312 and 192?
48
What